*2. Let p be v(16). Suppose -p*b = 5*q - 322, 4*b + q - 413 = -b. What is the units digit of b?
3
Let t(d) = 5*d**3 - 7*d**2 - 2*d - 4. Let p(f) = -2*f**3 - 11*f**2 - 7*f - 5. Let x be p(-5). Let g be t(x). Let b = -278 + g. What is the tens digit of b?
5
Let p(r) = -6*r + 215. Let y be p(21). Let u = 1212 - y. What is the units digit of u?
3
Let r(c) = -c**3 - 21*c**2 + 18*c - 70. Let g be r(-22). What is the tens digit of 1013 - 3*(-12)/g?
1
Suppose -2*m + 1402 = -4*i, -2*m - 4*i + 1362 = -0*m. Suppose m + 200 = 9*k. What is the units digit of k?
9
Let c(d) = 33 - 12 + 14*d + d**2 + 47 - 14. What is the tens digit of c(-34)?
3
Let w = -54 - -104. Let d(a) = -a**3 + 10*a**2 - a + 6. Let z be d(0). Suppose z = o - w. What is the tens digit of o?
5
Suppose 38*l = 40*l - 16982. What is the hundreds digit of l?
4
Let n(o) = 60*o**2 + 6*o + 4. Let c = -145 - -142. What is the tens digit of n(c)?
2
Let r = -1057 + 22073. What is the tens digit of r?
1
Suppose -56430 = -4*v + i, -4*v + 28*i - 33*i = -56394. What is the hundreds digit of v?
1
Let t = 11 + -53. Let y = -10 - t. Suppose 4*a - 2*k - y = 2*k, 5*a - 3*k = 44. What is the tens digit of a?
1
Let p = 19 - 14. Suppose -19 = -z + p*u, 68 = 2*z - 3*u + 23. Suppose z*x - 189 = 21*x. What is the units digit of x?
3
What is the tens digit of (315/(-6) - -53)/(((-2)/10028)/(-1))?
0
Suppose -150 = -4*v + 14*v. Let p = v - -17. Suppose p*a = 5*y + 315, 744 = 5*a - 7*y + 9*y. What is the tens digit of a?
5
Suppose -6*j + 48 = -24. Suppose n = j*n - 88. What is the units digit of -63*n/(-12) + -5?
7
Let i(d) = 11576*d + 87. What is the hundreds digit of i(1)?
6
Suppose 4*b - 2*p - 18 - 6 = 0, 0 = 4*p - 8. Suppose -5*v + b*z + 7595 = 3*z, -6107 = -4*v - 3*z. What is the units digit of v?
3
Suppose 819 - 1114 + 4647 = 34*k. What is the tens digit of k?
2
Let r(k) = 3269*k**2 - 6*k + 38. What is the ten thousands digit of r(3)?
2
Suppose -4*h + k + 94069 = 0, -64540 + 17528 = -2*h - 4*k. What is the ten thousands digit of h?
2
Suppose 45*w - 49*w + 60656 = o, -20 = 5*o. What is the hundreds digit of w?
1
Let g be ((-63)/(-35))/(38/(-20) - -2). What is the tens digit of g/(-10)*(-2660)/42?
1
Suppose -5733 = 6*g - 18939. Let c = g - 1538. What is the tens digit of c?
6
Let z = -29 - -42. Let w = -10 + z. What is the hundreds digit of (w/(-9))/(1/(-582))?
1
Let a(w) = -13*w + 44. Let g be a(4). Let k(h) be the first derivative of h**4/4 + 10*h**3/3 + 13*h**2/2 - 4*h - 1. What is the units digit of k(g)?
0
Let b be 8/(-1*(-2)/3). Suppose 24*t - 1311 = 681. Suppose 0 = -b*o + 1463 - t. What is the hundreds digit of o?
1
Let g(r) = r**2 + 3. Let u be g(-3). Suppose 4*m = a - 294, -4*a + 7*m = u*m - 1197. What is the units digit of a?
8
Let x(u) = 1538*u**3 - 7*u + 6. Let s be ((-143)/(-22) - 3)*2/7. What is the units digit of x(s)?
7
Let h be (-1135)/(-25) + (-3)/(-5). Let p = h + -46. Suppose 0 = 4*x - 2*k - 246, 0*x - 2*x - 4*k + 138 = p. What is the tens digit of x?
6
What is the tens digit of ((-16360)/56)/(3/(-42))?
9
Suppose -9*p = -3*p + 30. What is the hundreds digit of (-4)/p + (15156/30 - 9)?
4
Suppose -13*a + 3165008 = 30*a + 6*a. What is the ten thousands digit of a?
6
Suppose 6*g - g - 206415 = -6*g. What is the thousands digit of g?
8
Suppose -5*u - 20 = -10*u, 0 = 5*b + 5*u + 425. Let t = 1157 - b. What is the tens digit of t?
4
Suppose -16*m - 14*m - 14430 = 0. Let u = -198 - m. What is the units digit of u?
3
Suppose -1255 = -6*p - 235. Let j be 1/3 + p/3. What is the tens digit of (2*j/(-4))/(90/(-240))?
7
Suppose 0 = 49*j - 90*j + 17220. What is the tens digit of j?
2
Let z = -591 + 557. What is the thousands digit of (-139244)/(-119) - (-4)/z?
1
Let h(j) = -63*j**3 + 2*j**2 + 2*j + 1. Let k be h(-1). Suppose 0 = -p + 388 - k. Let w = p - 230. What is the units digit of w?
4
Let j(d) = -167*d - 124. Let a be j(-11). Suppose 4*t - 375 = a. What is the tens digit of t?
2
Let a(p) = -p**2 + 13*p + 86. Let z be a(18). What is the hundreds digit of 122/((-10)/(-95) - (4 + z))?
1
What is the thousands digit of (-1 + 2 - 1223)/(-40 - (-2923)/74)?
2
Let l(k) = -18*k - 2. Let b be l(4). Suppose 25*g = 55*g + 6420. Let q = b - g. What is the hundreds digit of q?
1
Let l = 1 - -1. Suppose -328 = 3*p + z - 993, -5*p - z + 1109 = 0. Suppose w + 2*w - p = -4*a, -l*w + a + 159 = 0. What is the units digit of w?
8
Let g(f) = 1145*f**2 + 13*f - 2. What is the tens digit of g(-1)?
3
Suppose -5*v - 30 = -3*v - 3*m, 3*v + 47 = 5*m. What is the hundreds digit of (-10932)/v - (5 - 96/18)?
2
Let o(m) = -4*m + 1. Suppose 0 = 9*x - 14*x + 5. Let w be o(x). Let p(d) = -3*d - 7. What is the units digit of p(w)?
2
Suppose -68 = 3*d - 176. Let f be 12/(-42) - 2315/7. What is the units digit of -1 - f/4 - 27/d?
1
Suppose 11927 + 8233 = 12*w. What is the units digit of w?
0
Suppose 0 = -p + 9770 + 44787. What is the ten thousands digit of p?
5
Let x(a) = a + 1. Let w(o) = -64*o + 16. Let d(s) = w(s) - 8*x(s). Let f = -297 + 296. What is the units digit of d(f)?
0
Suppose 0 = 8*k + 42 - 4354. What is the tens digit of 130/52 - k/(-2)?
7
Suppose 3*g - 19 = 4*t, 8*t - 6*t - 18 = -4*g. What is the tens digit of 1184 - (3/g)/((-20)/200)?
9
Let u = -160 + 196. Suppose -u*z + 30*z = -2832. What is the units digit of z?
2
Suppose 24*b - 13833 = -249. Let o = 1609 - b. What is the tens digit of o?
4
Suppose -o = 2, 3*o + 0*o = -2*r + 428. What is the units digit of r?
7
Let q(l) be the second derivative of l**4/12 - l**3/3 - 12*l**2 - 67*l. What is the tens digit of q(10)?
5
Suppose -a - 2 = -t + 2, 0 = -5*t + 3*a + 22. Suppose -142 - 153 = -y - t*q, 2*q = 0. Suppose -39 = 4*b - y. What is the tens digit of b?
6
Let c = -39 + 66. Suppose 0 = 8*g - c - 13. Suppose 0 = -2*d - g*m + 77, -2*m = -2*d - 5*m + 75. What is the units digit of d?
6
Suppose 13*z = 18*z - 25. Let f be 69 - 4*z/(-10). Let h = -48 + f. What is the units digit of h?
3
Let u(b) = b**2 - 2*b - 1. Let v be u(3). Suppose 13 - 5 = v*d. Suppose 5*w = -0*r + d*r - 263, -3*r = 2*w - 226. What is the units digit of r?
2
Let p(w) = -2*w**3 - 6*w**2 + 5*w. Let q be ((-145)/15 + 3)*(-6)/4. Let j(o) = o**2 - 12*o + 15. Let a be j(q). What is the tens digit of p(a)?
7
Suppose 6*c - 142 = -3*s + 4*c, -192 = -4*s - 4*c. Suppose 16*n - s*n + 23370 = 0. What is the hundreds digit of n?
7
Suppose -13*j + 59 - 98 = 0. Let h(s) = -240*s + 28. What is the hundreds digit of h(j)?
7
Suppose 4*z + 189618 = 30*z. What is the hundreds digit of z?
2
Suppose 480 = 6*m - 0*m. Suppose -m - 3082 = -6*f. What is the hundreds digit of f?
5
Suppose -2*k = -5*s - 2, -4*s = -8*s - 2*k + 2. Let p = -1 - -1. Suppose s = -2*a - d + 6, p - 6 = 2*a - 5*d. What is the units digit of a?
2
Suppose 2*r - 11000 = -3*x + 4663, 20884 = 4*x + r. What is the hundreds digit of x?
2
Suppose -16 = -4*j, 21*t + 2*j = 23*t - 96. Let p(y) = 26*y + 418. What is the thousands digit of p(t)?
1
Let z(v) = 32*v - 15. Suppose 7*f - 109 = -67. What is the tens digit of z(f)?
7
Let q(a) = -3*a - 23. Let u be q(-8). Let i be (-5)/(-5)*(u - -776). Suppose 5*w = -2*w + i. What is the tens digit of w?
1
Suppose -48*t - 624 = 30*t. What is the hundreds digit of 20/84*759 + t/(-28)?
1
Let t(b) be the first derivative of b**3 + 41*b**2/2 - 4*b + 78. What is the tens digit of t(-22)?
4
Let p be 27/(-2)*(-31 - -29). Let r = p + -24. What is the tens digit of r*19*36/27?
7
Suppose -10478 + 1289 = -9*p. Suppose 2*r = 3*q - p, 6*q - 5*r = 5*q + 323. What is the tens digit of q?
4
What is the thousands digit of (35/14)/(40/254560)?
5
Let y(o) = -4*o**3 + o**2 - o - 1. Let b be y(-1). Let p(s) = -b + 2*s - 7*s + s + 0. What is the tens digit of p(-8)?
2
Let m(j) = -2*j**3 - 33*j**2 + j + 66. Suppose -5 = 16*i + 267. What is the hundreds digit of m(i)?
3
Let b(r) = -r - 4. Let i be b(-1). Let l be (2 + -4)*i - 2. Let j(w) = 24*w + 41. What is the hundreds digit of j(l)?
1
Let g(p) = -p**3 + 15*p**2 - 13*p - 12. Let k = 58 + -44. Let h be g(k). Suppose h*c - 31 = -5*w, -8*c = -4*c + 2*w - 38. What is the units digit of c?
8
Let v(t) = 395 + 2*t**2 - 385 + t - 3*t**2. Let w be v(3). Suppose -w*c + c = -2*b + 357, -5*b - 3*c = -924. What is the units digit of b?
3
Let g(i) = i**3 - 8*i**2 - 17*i - 29. Let v be g(10). Let f(s) = s**3 - 9*s*